2*l**2 - 4*l. Calculate the remainder when q(-3) is divided by p.
10
Suppose 0 = 4*n + 2*i - 236, 4*n - 2*i - 184 = n. Suppose 2*f + 2*f - n = 0. Suppose f + 9 = 3*r. What is the remainder when r is divided by 3?
2
Suppose 3*b - 4 = 3*y - 5*y, -4*b + 24 = -2*y. Let f = -2 + 1. Let n = f - -3. What is the remainder when b is divided by n?
0
What is the remainder when (-240)/(-15)*(-2)/(-1) is divided by 6?
2
Let k = -24 - -32. What is the remainder when 13 is divided by k?
5
Suppose 0 = i - 22 + 19. What is the remainder when 8 is divided by i?
2
Let l = 1 + 1. Suppose -34 = -l*p - 6. What is the remainder when p is divided by 5?
4
Suppose -5*d + c = -3*c - 77, -10 = -5*c. What is the remainder when 48 is divided by d?
14
Suppose t + p = 20, 5*t = -0*t - 3*p + 104. Suppose 2*f = 4*f - t. What is the remainder when 31 is divided by f?
9
Calculate the remainder when 78 is divided by 108/(-4)*2/(-2).
24
Let m be 3/(-9) + (-23)/3. Let f = 15 + m. Suppose 2*q - 105 = -5*x, -18 - f = -5*q. Calculate the remainder when x is divided by 10.
9
Let i(f) = 6*f - 4. What is the remainder when 26 is divided by i(3)?
12
Let u = -60 - -63. What is the remainder when 3 is divided by u?
0
Let k = -24 + 34. Suppose -3*r + 15 = -4*t + 137, 141 = 5*t + 2*r. Calculate the remainder when t is divided by k.
9
Let g = 28 + -26. Suppose -5*d - 7 - 11 = -4*i, -g*i - 2 = 3*d. Let w = 1 + 0. Calculate the remainder when i is divided by w.
0
Let u = -63 - -148. Suppose -4*x - 238 = -5*q, 2*q - 6*x + x - u = 0. Calculate the remainder when q is divided by 17.
16
Let t = 198 - 140. Let k = t - 33. Let s = 69 + -56. What is the remainder when k is divided by s?
12
Suppose -5*o - 5*s = -115, 3*o = -2*s - 2*s + 66. Let q = -91 + 192. What is the remainder when q is divided by o?
23
Suppose -2*u - 18 = 3*i, 2*u + 4*i + 19 = u. Let x(p) = -p**3 - 2*p**2 - 3*p + 4. What is the remainder when 65 is divided by x(u)?
21
Let k(d) = -d**2 + 6*d + 2. Let j be k(6). Suppose j*l + 2*f - 56 = 0, 4*l - 2*l - 3*f = 31. Calculate the remainder when 68 is divided by l.
22
Suppose -2*f = -0*f - 16. Calculate the remainder when 45 is divided by f.
5
Suppose -x - 4*u + 7 = -8, -3*x + 1 = u. Let d be ((-6)/(-15))/(x/(-15)). What is the remainder when 38 is divided by ((-26)/4)/((-3)/d)?
12
Calculate the remainder when -82*(4 - 9/2) is divided by 9.
5
Let n be ((-3)/6)/((-1)/2). Suppose -4*i + c + 39 = 0, -i + 11 + n = 2*c. Let t = i - 7. What is the remainder when 4 is divided by t?
1
Let m = -8 + 5. Let u = 36 + m. Let q(r) = 17*r. What is the remainder when u is divided by q(1)?
16
Suppose -u = 4*r + 2, u + r + 12 = 2*r. What is the remainder when 85 is divided by 1314/45 + 2/u?
27
Suppose -2*l - 23 = -s, -2*l - 20 + 0 = -4*s. Calculate the remainder when 11 is divided by 26/6 - (-4)/l.
3
Let r(g) = 25*g - 5. Let y(i) = -12*i + 2. Let u(x) = 6*r(x) + 13*y(x). Let k = -18 - -29. Calculate the remainder when u(-6) is divided by k.
10
Let m(g) = g**3 + 8*g**2 - 2*g - 10. What is the remainder when 41 is divided by m(-8)?
5
Let c = 25 - 21. What is the remainder when 15 is divided by c?
3
Suppose -4*b + 268 = 5*m, 5*b - 481 + 146 = m. Calculate the remainder when b is divided by 18.
13
Let g(b) be the second derivative of 37*b**4/4 - b**3/6 + b**2/2 + 7*b. What is the remainder when g(1) is divided by 28?
27
Let l = 2 - 1. What is the remainder when 42/4*(l + 1) is divided by (-5)/(-20) - (-129)/12?
10
Let f(y) = 2*y. What is the remainder when 60 is divided by f(11)?
16
Let c(i) = i**3 + 11*i**2 + 9*i - 13. Let l be c(-10). Let h = l - -7. Calculate the remainder when h is divided by 3.
1
Let w(s) = s**3 + 9*s**2 + 10*s + 1. Let x be w(-8). What is the remainder when (-1)/(-3) - 220/x is divided by 9?
6
Let t be 1*(-2 - (-16)/1). Suppose 3*b - 4 = t. What is the remainder when 8 is divided by b/(3/(-1)) - -5?
2
Suppose 46 = 5*l - 34. Suppose -2*y = 2*j - l, -4*j = -4*y + 1 - 9. Suppose -c - 3*c + 20 = 0. Calculate the remainder when c is divided by y.
2
Let k(w) = w**3 - 14*w**2 + 15*w - 7. What is the remainder when 74 is divided by k(13)?
17
Let g = 12 + -20. Let f(l) = l + 15. Calculate the remainder when ((-4)/(g/58))/1 is divided by f(0).
14
Suppose -5*l + b + 73 = 0, -5*b = 6*l - l - 55. Let a be 104 + 3/1 + -3. Suppose 5*d + a = 9*d. Calculate the remainder when d is divided by l.
12
Let c(z) = 12*z**3 - z. Let n be c(1). Suppose 3*y + n + 4 = 0. Let a = -1 - y. What is the remainder when a is divided by 2?
0
Let t = 49 + -45. What is the remainder when 13 is divided by t?
1
Calculate the remainder when (10/8)/(14/224) is divided by 12.
8
Suppose -26*f = -22*f - 20. Let k(n) = -n**3 + n**2 - 3*n - 1. Let g be k(3). Let y = -19 - g. What is the remainder when y is divided by f?
4
Suppose -7 + 23 = j. What is the remainder when j is divided by (0 - 16)/4 + 10?
4
Let b(a) be the third derivative of -a**6/120 - a**5/60 + a**4/12 - a**3/3 - 6*a**2. Calculate the remainder when 38 is divided by b(-3).
8
Suppose 0*s + 2*s = 30. Calculate the remainder when 42 is divided by s.
12
Let v be 2 + -1 + -1 + -3. Let x(b) be the third derivative of -b**4/3 - 2*b**3/3 - b**2. Calculate the remainder when x(v) is divided by 11.
9
Suppose 4*n - c - 51 = 0, -45 = n - 6*n - 5*c. What is the remainder when 39 is divided by n?
3
Let d(n) = -n + 16. Calculate the remainder when 28 is divided by d(6).
8
Let k(f) = f - 12. Let t be k(13). Calculate the remainder when 2 is divided by (-11 - -9)/(-1 - t).
0
Suppose -v + 3*u + 52 = 4*v, -2*u = v. Let g = -1 - -22. What is the remainder when g is divided by v?
5
Let r(b) = 3*b - 4. Suppose -2*t = -5*w + 161, 0 = -2*w - 3*t + 41 + 12. What is the remainder when w is divided by r(5)?
9
Suppose 4*p = 5*v + 223, 0 = -3*v - 0*v + 3. Calculate the remainder when p is divided by 20.
17
Let i be (-1 - -2)/3*69. Let x = -2 + i. Let t(h) = -h**2 + 16*h + 6. What is the remainder when t(5) is divided by x?
19
Calculate the remainder when 7 is divided by (-55)/(-25) - 1/5.
1
Let v(l) = -2*l + 3. Calculate the remainder when v(-17) is divided by 10.
7
Let o(g) = -g**2 - 8*g + 12. Suppose z - 20 = 3*z. Let p be o(z). Calculate the remainder when ((-50)/p)/((-2)/(-8)) is divided by 9.
7
Let j(q) = -q**3 + 3*q**2. Calculate the remainder when (-2 + 28)*(-2)/(-4) is divided by j(2).
1
Let b(y) = 5*y**3 + y**2 - 8*y + 4. Let j(x) = 11*x**3 + 3*x**2 - 17*x + 8. Let a(n) = -9*b(n) + 4*j(n). Calculate the remainder when a(3) is divided by 5.
3
Suppose 2*k - 61 = 4*n - 5*n, -4*k = -3*n - 147. What is the remainder when k is divided by 13?
7
Suppose -3*d = -5*q - 0*q - 41, 0 = d - 4*q - 23. Let r = 85 - 127. What is the remainder when 72/d - (-12)/r is divided by 6?
4
Suppose -34*x + 444 = -32*x. Calculate the remainder when x is divided by 32.
30
Suppose 0 = -2*r + 33 - 3. What is the remainder when 57 is divided by r?
12
Let d(u) = 53*u. Let q be d(1). Suppose 4*k = q + 23. What is the remainder when k is divided by 5?
4
Let f(a) = 11*a**2 - 4*a + 4. Let z = 8 - 2. Suppose -z + 62 = 4*m. What is the remainder when f(2) is divided by m?
12
Let c(g) = -g - 1. Let v be c(-4). Suppose v - 8 = -5*h. What is the remainder when h is divided by 1?
0
Suppose 5*c + 3*n - 58 = -n, -c + 5*n + 29 = 0. Let g be 3 + -2 + -1 + 2. Calculate the remainder when (-412)/(-10) - g/10 is divided by c.
13
Let f = 8 - 17. Let q(w) = w**3 - 5*w**2 - 3*w - 3. Calculate the remainder when (-11)/((f/(-12))/(-3)) is divided by q(6).
14
Calculate the remainder when 22 is divided by 143/(-11)*(0 - 1).
9
Let x be (-1)/3*-3*5. Suppose 0*a = x*a - 30. Calculate the remainder when 15 is divided by a.
3
Let a = 7 - 11. Let k = a - -8. What is the remainder when k is divided by 3?
1
Let s = -6 - -33. Let l(r) = 2*r**2 + 10*r - 18. Calculate the remainder when s is divided by l(-7).
7
Let f(l) = -3*l. Let t be f(3). Let c = t - -11. Calculate the remainder when 8 is divided by c.
0
Calculate the remainder when 143 is divided by ((-120)/(-35))/(0 - 2/(-21)).
35
Let w(k) = 6*k - 10. Calculate the remainder when 39 is divided by w(5).
19
Suppose -5*p + 35 = -4*t, -2*t + 15 = -5*t. Let a(j) = -j**2 + 7*j - 3. Calculate the remainder when a(6) is divided by p.
0
Let g = -50 - -118. What is the remainder when g is divided by 23?
2